s of 27580?
2, 5, 7, 197
What are the prime factors of 257?
257
What are the prime factors of 15951?
3, 13, 409
List the prime factors of 1033.
1033
List the prime factors of 14256.
2, 3, 11
What are the prime factors of 110319?
3, 11, 3343
What are the prime factors of 1953?
3, 7, 31
What are the prime factors of 7409?
31, 239
List the prime factors of 2251.
2251
List the prime factors of 130.
2, 5, 13
What are the prime factors of 9397?
9397
What are the prime factors of 3919?
3919
What are the prime factors of 6302?
2, 23, 137
What are the prime factors of 1801?
1801
List the prime factors of 3410.
2, 5, 11, 31
What are the prime factors of 1136?
2, 71
List the prime factors of 1108.
2, 277
What are the prime factors of 5352?
2, 3, 223
What are the prime factors of 18103?
43, 421
What are the prime factors of 988?
2, 13, 19
What are the prime factors of 16891?
7, 19, 127
What are the prime factors of 421?
421
What are the prime factors of 68360?
2, 5, 1709
What are the prime factors of 1285?
5, 257
What are the prime factors of 713?
23, 31
List the prime factors of 36930.
2, 3, 5, 1231
List the prime factors of 2284.
2, 571
List the prime factors of 1281.
3, 7, 61
What are the prime factors of 570?
2, 3, 5, 19
What are the prime factors of 126124?
2, 31531
List the prime factors of 954.
2, 3, 53
What are the prime factors of 13515?
3, 5, 17, 53
List the prime factors of 91305.
3, 5, 2029
What are the prime factors of 8098?
2, 4049
What are the prime factors of 98?
2, 7
What are the prime factors of 18812?
2, 4703
What are the prime factors of 3316?
2, 829
List the prime factors of 2152.
2, 269
List the prime factors of 30678.
2, 3, 5113
What are the prime factors of 9787?
9787
List the prime factors of 2950.
2, 5, 59
What are the prime factors of 18988?
2, 47, 101
What are the prime factors of 15844?
2, 17, 233
What are the prime factors of 9339?
3, 11, 283
List the prime factors of 743.
743
What are the prime factors of 228?
2, 3, 19
What are the prime factors of 1499?
1499
What are the prime factors of 512?
2
List the prime factors of 25770.
2, 3, 5, 859
What are the prime factors of 157381?
7, 22483
List the prime factors of 383.
383
List the prime factors of 151185.
3, 5, 10079
What are the prime factors of 2283?
3, 761
List the prime factors of 3420.
2, 3, 5, 19
What are the prime factors of 514?
2, 257
List the prime factors of 227.
227
What are the prime factors of 2457?
3, 7, 13
What are the prime factors of 35026?
2, 83, 211
What are the prime factors of 4113?
3, 457
List the prime factors of 9312.
2, 3, 97
What are the prime factors of 19102?
2, 9551
What are the prime factors of 6419?
7, 131
What are the prime factors of 2794?
2, 11, 127
List the prime factors of 126384.
2, 3, 2633
What are the prime factors of 900?
2, 3, 5
What are the prime factors of 5819?
11, 23
What are the prime factors of 4203?
3, 467
List the prime factors of 2474.
2, 1237
List the prime factors of 4835.
5, 967
What are the prime factors of 3725?
5, 149
What are the prime factors of 9526?
2, 11, 433
List the prime factors of 8877.
3, 11, 269
What are the prime factors of 91016?
2, 31, 367
List the prime factors of 52235.
5, 31, 337
What are the prime factors of 3300?
2, 3, 5, 11
What are the prime factors of 807?
3, 269
What are the prime factors of 50397?
3, 107, 157
What are the prime factors of 6782?
2, 3391
What are the prime factors of 64191?
3, 21397
What are the prime factors of 1317?
3, 439
What are the prime factors of 25034?
2, 12517
List the prime factors of 4283.
4283
List the prime factors of 193834.
2, 17, 5701
What are the prime factors of 2572?
2, 643
What are the prime factors of 64643?
127, 509
What are the prime factors of 1757?
7, 251
List the prime factors of 26165.
5, 5233
List the prime factors of 8834.
2, 7, 631
What are the prime factors of 1024?
2
What are the prime factors of 12723?
3, 4241
What are the prime factors of 21075?
3, 5, 281
What are the prime factors of 1243?
11, 113
List the prime factors of 152410.
2, 5, 15241
List the prime factors of 846.
2, 3, 47
List the prime factors of 21375.
3, 5, 19
What are the prime factors of 236?
2, 59
What are the prime factors of 2022?
2, 3, 337
What are the prime factors of 5417?
5417
List the prime factors of 4826.
2, 19, 127
List the prime factors of 2596.
2, 11, 59
What are the prime factors of 6149?
11, 13, 43
What are the prime factors of 575?
5, 23
List the prime factors of 153018.
2, 3, 8501
What are the prime factors of 306?
2, 3, 17
What are the prime factors of 144589?
144589
What are the prime factors of 10200?
2, 3, 5, 17
What are the prime factors of 74?
2, 37
What are the prime factors of 560?
2, 5, 7
List the prime factors of 1641.
3, 547
What are the prime factors of 1403?
23, 61
List the prime factors of 2872.
2, 359
List the prime factors of 29989.
29989
What are the prime factors of 91771?
91771
What are the prime factors of 8041?
11, 17, 43
What are the prime factors of 869?
11, 79
List the prime factors of 2787.
3, 929
List the prime factors of 89.
89
List the prime factors of 5112.
2, 3, 71
What are the prime factors of 7825?
5, 313
What are the prime factors of 16438?
2, 8219
What are the prime factors of 36891?
3, 4099
List the prime factors of 306.
2, 3, 17
What are the prime factors of 9571?
17, 563
List the prime factors of 12708.
2, 3, 353
What are the prime factors of 229?
229
List the prime factors of 5581.
5581
List the prime factors of 24577.
7, 3511
What are the prime factors of 26813?
26813
What are the prime factors of 5018?
2, 13, 193
List the prime factors of 2467.
2467
What are the prime factors of 769?
769
List the prime factors of 6963.
3, 11, 211
List the prime factors of 5163.
3, 1721
What are the prime factors of 1328?
2, 83
List the prime factors of 123079.
11, 67, 167
List the prime factors of 337.
337
What are the prime factors of 1139?
17, 67
List the prime factors of 480.
2, 3, 5
What are the prime factors of 153077?
153077
List the prime factors of 476.
2, 7, 17
What are the prime factors of 40278?
2, 3, 7, 137
What are the prime factors of 98?
2, 7
List the prime factors of 468.
2, 3, 13
List the prime factors of 21236.
2, 5309
What are the prime factors of 6645?
3, 5, 443
What are the prime factors of 2906?
2, 1453
What are the prime factors of 22616?
2, 11, 257
List the prime factors of 1007.
19, 53
List the prime factors of 59423.
7, 13, 653
What are the prime factors of 28592?
2, 1787
What are the prime factors of 1144?
2, 11, 13
What are the prime factors of 12522?
2, 3, 2087
What are the prime factors of 479?
479
What are the prime factors of 4739?
7, 677
List the prime factors of 593.
593
List the prime factors of 34104.
2, 3, 7, 29
What are the prime factors of 524?
2, 131
What are the prime factors of 41348?
2, 10337
What are the prime factors of 22568?
2, 7, 13, 31
List the prime factors of 10886.
2, 5443
List the prime factors of 15510.
2, 3, 5, 11, 47
What are the prime factors of 31791?
3, 10597
List the prime factors of 14470.
2, 5, 1447
What are the prime factors of 9860?
2, 5, 17, 29
What are the prime factors of 7770?
2, 3, 5, 7, 37
List the prime factors of 1463.
7, 11, 19
What are the prime factors of 117792?
2, 3, 409
List the prime factors of 940.
2, 5, 47
What are the prime factors of 2394?
2, 3, 7, 19
List the prime factors of 1664.
2, 13
What are the prime factors of 11265?
3, 5, 751
What are the prime factors of 1582?
2, 7, 113
What are the prime factors of 1439?
1439
List the prime factors of 12393.
3, 17
List the prime factors of 202582.
2, 199, 509
What are the prime factors of 613?
613
What are the prime factors of 4784?
2, 13, 23
What are the prime factors of 24154?
2, 13, 929
What are the prime factors of 10373?
11, 23, 41
List the prime factors of 728.
2, 7, 13
What are the prime factors of 47294?
2, 13, 17, 107
List the prime factors of 6587.
7, 941
List the prime factors of 521.
521
List the prime factors of 73.
73
What are the prime factors of 3699?
3, 137
What are the prime factors of 578?
2, 17
What are the prime factors of 1618?
2, 809
List the prime factors of 2393.
2393
What are the prime factors of 26382?
2, 3, 4397
What are the prime factors of 86289?
3, 7, 587
What are the prime factors